{"id":880,"date":"2023-07-10T11:51:40","date_gmt":"2023-07-10T09:51:40","guid":{"rendered":"https:\/\/fundacjapolna.org\/?page_id=880"},"modified":"2023-11-22T15:29:13","modified_gmt":"2023-11-22T14:29:13","slug":"karpackie-inicjatywy-lokalne","status":"publish","type":"page","link":"https:\/\/fundacjapolna.org\/index.php\/karpackie-inicjatywy-lokalne\/","title":{"rendered":"Karpackie inicjatywy lokalne"},"content":{"rendered":"\t\t<div data-elementor-type=\"wp-page\" data-elementor-id=\"880\" class=\"elementor elementor-880\">\n\t\t\t\t\t\t<section class=\"elementor-section elementor-top-section elementor-element elementor-element-20390a4 elementor-section-boxed elementor-section-height-default elementor-section-height-default\" data-id=\"20390a4\" data-element_type=\"section\" data-e-type=\"section\">\n\t\t\t\t\t\t<div class=\"elementor-container elementor-column-gap-default\">\n\t\t\t\t\t<div class=\"elementor-column elementor-col-100 elementor-top-column elementor-element elementor-element-373277f\" data-id=\"373277f\" data-element_type=\"column\" data-e-type=\"column\">\n\t\t\t<div class=\"elementor-widget-wrap elementor-element-populated\">\n\t\t\t\t\t\t<div class=\"elementor-element elementor-element-c765297 elementor-widget elementor-widget-text-editor\" data-id=\"c765297\" data-element_type=\"widget\" data-e-type=\"widget\" data-widget_type=\"text-editor.default\">\n\t\t\t\t<div class=\"elementor-widget-container\">\n\t\t\t\t\t\t\t\t\t<table width=\"606\"><tbody><tr><td width=\"606\"><p>\u00a0<\/p><p>Inicjatywa \u201eEcha Karpat. Szlakiem Pie\u015bni Kultury Wo\u0142oskiej\u201d zak\u0142ada 7 spotka\u0144 wok\u00f3\u0142 pie\u015bni tradycyjnie wykonywanych przez mieszka\u0144c\u00f3w Karpat (w sumie 41 godzin), w tym dwudniowe warsztaty z etnomuzykologiem. Zwie\u0144czeniem projektu b\u0119dzie koncert promuj\u0105cy kultur\u0119 tradycyjn\u0105 Karpat w wykonaniu grupy \u015bpiewaczej Rozg\u0142os (10 os\u00f3b). Warsztaty etnomuzykologiczne prowadzone b\u0119d\u0105 ze \u015bpiewaczk\u0105, etnomuzykolo\u017ck\u0105 zajmuj\u0105c\u0105 si\u0119 muzyk\u0105 Karpat i obejmowa\u0107 b\u0119d\u0105 repertuar pie\u015bni pasterskich. Poznane pie\u015bni oraz emisj\u0119 g\u0142osu \u00a0grupa Rozg\u0142os \u0107wiczy\u0107 b\u0119dzie w ramach swoich spotka\u0144 i zaprezentuje je podczas koncertu w jedynym ocala\u0142ym budynku (cerkwi) wsi Bieliczna, le\u017c\u0105cej na pograniczu polsko-s\u0142owackim. Koncert skierowany b\u0119dzie g\u0142\u00f3wnie do okolicznych mieszka\u0144c\u00f3w pogranicza i turyst\u00f3w. Wydarzenie b\u0119dzie transmitowane online na stronie Fundacji Polna oraz w mediach spo\u0142eczno\u015bciowych. Powstanie r\u00f3wnie\u017c kr\u00f3tki materia\u0142 filmowy dokumentuj\u0105cy projekt i promuj\u0105cy kultur\u0119 tradycyjn\u0105 regionu Karpat.<\/p><\/td><\/tr><\/tbody><\/table>\t\t\t\t\t\t\t\t<\/div>\n\t\t\t\t<\/div>\n\t\t\t\t<div class=\"elementor-element elementor-element-aa3e3a0 elementor-widget elementor-widget-text-editor\" data-id=\"aa3e3a0\" data-element_type=\"widget\" data-e-type=\"widget\" data-widget_type=\"text-editor.default\">\n\t\t\t\t<div class=\"elementor-widget-container\">\n\t\t\t\t\t\t\t\t\t<p><strong>Posty zwi\u0105zane z projektem:<\/strong><\/p>\t\t\t\t\t\t\t\t<\/div>\n\t\t\t\t<\/div>\n\t\t\t\t\t<\/div>\n\t\t<\/div>\n\t\t\t\t\t<\/div>\n\t\t<\/section>\n\t\t\t\t<section class=\"elementor-section elementor-top-section elementor-element elementor-element-2141d0a elementor-section-boxed elementor-section-height-default elementor-section-height-default\" data-id=\"2141d0a\" data-element_type=\"section\" data-e-type=\"section\">\n\t\t\t\t\t\t<div class=\"elementor-container elementor-column-gap-default\">\n\t\t\t\t\t<div class=\"elementor-column elementor-col-100 elementor-top-column elementor-element elementor-element-4888353\" data-id=\"4888353\" data-element_type=\"column\" data-e-type=\"column\">\n\t\t\t<div class=\"elementor-widget-wrap elementor-element-populated\">\n\t\t\t\t\t\t<div class=\"elementor-element elementor-element-b3497ea elementor-grid-eael-col-4 elementor-grid-tablet-eael-col-2 elementor-grid-mobile-eael-col-1 elementor-widget elementor-widget-eael-post-grid\" data-id=\"b3497ea\" data-element_type=\"widget\" data-e-type=\"widget\" data-settings=\"{&quot;eael_post_grid_columns&quot;:&quot;eael-col-4&quot;,&quot;eael_post_grid_columns_tablet&quot;:&quot;eael-col-2&quot;,&quot;eael_post_grid_columns_mobile&quot;:&quot;eael-col-1&quot;}\" data-widget_type=\"eael-post-grid.default\">\n\t\t\t\t<div class=\"elementor-widget-container\">\n\t\t\t\t\t<div id=\"eael-post-grid-b3497ea\" class=\"eael-post-grid-container\">\n            <div class=\"eael-post-grid eael-post-appender eael-post-appender-b3497ea eael-post-grid-style-one\" data-layout-mode=\"masonry\"><article class=\"eael-grid-post  eael-post-grid-column eael-pg-post-1033 category-karpackie-inicjatywy-lokalne\" data-id=\"1033\">\n        <div class=\"eael-grid-post-holder\">\n            <div class=\"eael-grid-post-holder-inner\"><div class=\"eael-entry-wrapper\"><header class=\"eael-entry-header\"><h2 class=\"eael-entry-title\"><a class=\"eael-grid-post-link\" href=\"https:\/\/fundacjapolna.org\/index.php\/2023\/11\/14\/echa-karpat-szlakiem-piesni-kultury-woloskiej-film\/\" title=\"Echa Karpat. Szlakiem Pie\u015bni Kultury Wo\u0142oskiej &#8211; film\">Echa Karpat. Szlakiem Pie\u015bni Kultury Wo\u0142oskiej &#8211; film<\/a><\/h2><\/header><div class=\"eael-entry-content\">\n                        <div class=\"eael-grid-post-excerpt\"><p>Szanowni Pa\u0144stwo, publikujemy film o muzyce tradycyjnej rejonu Karpat zrealizowany...<\/p><a href=\"https:\/\/fundacjapolna.org\/index.php\/2023\/11\/14\/echa-karpat-szlakiem-piesni-kultury-woloskiej-film\/\" class=\"eael-post-elements-readmore-btn\">Read More<\/a><\/div>\n                    <\/div><div class=\"eael-entry-footer\"><div class=\"eael-author-avatar\"><a href=\"https:\/\/fundacjapolna.org\/index.php\/author\/admin9032\/\"><img alt='FundacjaPolna' src='https:\/\/secure.gravatar.com\/avatar\/d8bc0a4596e16fc950250b96a5382cdb4d5a8e8e03b63929205dbeb608071ae3?s=96&#038;d=mm&#038;r=g' srcset='https:\/\/secure.gravatar.com\/avatar\/d8bc0a4596e16fc950250b96a5382cdb4d5a8e8e03b63929205dbeb608071ae3?s=192&#038;d=mm&#038;r=g 2x' class='avatar avatar-96 photo' height='96' width='96' \/><\/a><\/div><div class=\"eael-entry-meta\"><span class=\"eael-posted-by\"><a href=\"https:\/\/fundacjapolna.org\/index.php\/author\/admin9032\/\" title=\"Posts by FundacjaPolna\" rel=\"author\">FundacjaPolna<\/a><\/span><span class=\"eael-posted-on\"><time datetime=\"14 listopada 2023\">14 listopada 2023<\/time><\/span><\/div><\/div><\/div><\/div>\n        <\/div>\n    <\/article><article class=\"eael-grid-post  eael-post-grid-column eael-pg-post-977 category-blog-karpackie-inicjatywy-lokalne\" data-id=\"977\">\n        <div class=\"eael-grid-post-holder\">\n            <div class=\"eael-grid-post-holder-inner\"><div class=\"eael-entry-wrapper\"><header class=\"eael-entry-header\"><h2 class=\"eael-entry-title\"><a class=\"eael-grid-post-link\" href=\"https:\/\/fundacjapolna.org\/index.php\/2023\/10\/19\/koncert-echa-karpat-retransmisja\/\" title=\"Koncert Echa Karpat &#8211; retransmisja\">Koncert Echa Karpat &#8211; retransmisja<\/a><\/h2><\/header><div class=\"eael-entry-content\">\n                        <div class=\"eael-grid-post-excerpt\"><p>https:\/\/youtu.be\/yM5r-T71-V8<\/p><a href=\"https:\/\/fundacjapolna.org\/index.php\/2023\/10\/19\/koncert-echa-karpat-retransmisja\/\" class=\"eael-post-elements-readmore-btn\">Read More<\/a><\/div>\n                    <\/div><div class=\"eael-entry-footer\"><div class=\"eael-author-avatar\"><a href=\"https:\/\/fundacjapolna.org\/index.php\/author\/admin9032\/\"><img alt='FundacjaPolna' src='https:\/\/secure.gravatar.com\/avatar\/d8bc0a4596e16fc950250b96a5382cdb4d5a8e8e03b63929205dbeb608071ae3?s=96&#038;d=mm&#038;r=g' srcset='https:\/\/secure.gravatar.com\/avatar\/d8bc0a4596e16fc950250b96a5382cdb4d5a8e8e03b63929205dbeb608071ae3?s=192&#038;d=mm&#038;r=g 2x' class='avatar avatar-96 photo' height='96' width='96' \/><\/a><\/div><div class=\"eael-entry-meta\"><span class=\"eael-posted-by\"><a href=\"https:\/\/fundacjapolna.org\/index.php\/author\/admin9032\/\" title=\"Posts by FundacjaPolna\" rel=\"author\">FundacjaPolna<\/a><\/span><span class=\"eael-posted-on\"><time datetime=\"19 pa\u017adziernika 2023\">19 pa\u017adziernika 2023<\/time><\/span><\/div><\/div><\/div><\/div>\n        <\/div>\n    <\/article><article class=\"eael-grid-post  eael-post-grid-column eael-pg-post-962 category-karpackie-inicjatywy-lokalne-rozglos\" data-id=\"962\">\n        <div class=\"eael-grid-post-holder\">\n            <div class=\"eael-grid-post-holder-inner\"><div class=\"eael-entry-wrapper\"><header class=\"eael-entry-header\"><h2 class=\"eael-entry-title\"><a class=\"eael-grid-post-link\" href=\"https:\/\/fundacjapolna.org\/index.php\/2023\/10\/11\/zapraszamy-na-koncert-echa-karpat\/\" title=\"Zapraszamy na koncert &#8222;Echa Karpat&#8221;!\">Zapraszamy na koncert &#8222;Echa Karpat&#8221;!<\/a><\/h2><\/header><div class=\"eael-entry-content\">\n                        <div class=\"eael-grid-post-excerpt\"><p><\/p><a href=\"https:\/\/fundacjapolna.org\/index.php\/2023\/10\/11\/zapraszamy-na-koncert-echa-karpat\/\" class=\"eael-post-elements-readmore-btn\">Read More<\/a><\/div>\n                    <\/div><div class=\"eael-entry-footer\"><div class=\"eael-author-avatar\"><a href=\"https:\/\/fundacjapolna.org\/index.php\/author\/admin9032\/\"><img alt='FundacjaPolna' src='https:\/\/secure.gravatar.com\/avatar\/d8bc0a4596e16fc950250b96a5382cdb4d5a8e8e03b63929205dbeb608071ae3?s=96&#038;d=mm&#038;r=g' srcset='https:\/\/secure.gravatar.com\/avatar\/d8bc0a4596e16fc950250b96a5382cdb4d5a8e8e03b63929205dbeb608071ae3?s=192&#038;d=mm&#038;r=g 2x' class='avatar avatar-96 photo' height='96' width='96' \/><\/a><\/div><div class=\"eael-entry-meta\"><span class=\"eael-posted-by\"><a href=\"https:\/\/fundacjapolna.org\/index.php\/author\/admin9032\/\" title=\"Posts by FundacjaPolna\" rel=\"author\">FundacjaPolna<\/a><\/span><span class=\"eael-posted-on\"><time datetime=\"11 pa\u017adziernika 2023\">11 pa\u017adziernika 2023<\/time><\/span><\/div><\/div><\/div><\/div>\n        <\/div>\n    <\/article><article class=\"eael-grid-post  eael-post-grid-column eael-pg-post-943 category-blog-karpackie-inicjatywy-lokalne-rozglos\" data-id=\"943\">\n        <div class=\"eael-grid-post-holder\">\n            <div class=\"eael-grid-post-holder-inner\"><div class=\"eael-entry-media\"><div class=\"eael-entry-overlay fade-in\"><i class=\"fas fa-long-arrow-alt-right\" aria-hidden=\"true\"><\/i><a href=\"https:\/\/fundacjapolna.org\/index.php\/2023\/10\/11\/elementor-943\/\"><\/a><\/div><div class=\"eael-entry-thumbnail \">\n                <img fetchpriority=\"high\" decoding=\"async\" width=\"300\" height=\"225\" src=\"https:\/\/fundacjapolna.org\/wp-content\/uploads\/2023\/10\/IMG_0279-300x225.jpeg\" class=\"attachment-medium size-medium wp-image-955\" alt=\"\" srcset=\"https:\/\/fundacjapolna.org\/wp-content\/uploads\/2023\/10\/IMG_0279-300x225.jpeg 300w, https:\/\/fundacjapolna.org\/wp-content\/uploads\/2023\/10\/IMG_0279.jpeg 640w\" sizes=\"(max-width: 300px) 100vw, 300px\" \/>\n            <\/div>\n        <\/div><div class=\"eael-entry-wrapper\"><header class=\"eael-entry-header\"><h2 class=\"eael-entry-title\"><a class=\"eael-grid-post-link\" href=\"https:\/\/fundacjapolna.org\/index.php\/2023\/10\/11\/elementor-943\/\" title=\"Zako\u0144czyli\u015bmy cykl warsztat\u00f3w \u015bpiewaczych\">Zako\u0144czyli\u015bmy cykl warsztat\u00f3w \u015bpiewaczych<\/a><\/h2><\/header><div class=\"eael-entry-content\">\n                        <div class=\"eael-grid-post-excerpt\"><p>Zako\u0144czyli\u015bmy cykl warsztat\u00f3w \u015bpiewaczych w ramach projektu \u201eEcha Karpat. Szlakiem...<\/p><a href=\"https:\/\/fundacjapolna.org\/index.php\/2023\/10\/11\/elementor-943\/\" class=\"eael-post-elements-readmore-btn\">Read More<\/a><\/div>\n                    <\/div><div class=\"eael-entry-footer\"><div class=\"eael-author-avatar\"><a href=\"https:\/\/fundacjapolna.org\/index.php\/author\/admin9032\/\"><img alt='FundacjaPolna' src='https:\/\/secure.gravatar.com\/avatar\/d8bc0a4596e16fc950250b96a5382cdb4d5a8e8e03b63929205dbeb608071ae3?s=96&#038;d=mm&#038;r=g' srcset='https:\/\/secure.gravatar.com\/avatar\/d8bc0a4596e16fc950250b96a5382cdb4d5a8e8e03b63929205dbeb608071ae3?s=192&#038;d=mm&#038;r=g 2x' class='avatar avatar-96 photo' height='96' width='96' \/><\/a><\/div><div class=\"eael-entry-meta\"><span class=\"eael-posted-by\"><a href=\"https:\/\/fundacjapolna.org\/index.php\/author\/admin9032\/\" title=\"Posts by FundacjaPolna\" rel=\"author\">FundacjaPolna<\/a><\/span><span class=\"eael-posted-on\"><time datetime=\"11 pa\u017adziernika 2023\">11 pa\u017adziernika 2023<\/time><\/span><\/div><\/div><\/div><\/div>\n        <\/div>\n    <\/article><article class=\"eael-grid-post  eael-post-grid-column eael-pg-post-909 category-blog-karpackie-inicjatywy-lokalne\" data-id=\"909\">\n        <div class=\"eael-grid-post-holder\">\n            <div class=\"eael-grid-post-holder-inner\"><div class=\"eael-entry-media\"><div class=\"eael-entry-overlay fade-in\"><i class=\"fas fa-long-arrow-alt-right\" aria-hidden=\"true\"><\/i><a href=\"https:\/\/fundacjapolna.org\/index.php\/2023\/07\/13\/weekendowe-warsztaty-etnomuzykologiczne-z-brygida-sordyl\/\"><\/a><\/div><div class=\"eael-entry-thumbnail \">\n                <img decoding=\"async\" width=\"300\" height=\"183\" src=\"https:\/\/fundacjapolna.org\/wp-content\/uploads\/2023\/07\/IMG_8909-300x183.jpg\" class=\"attachment-medium size-medium wp-image-917\" alt=\"\" srcset=\"https:\/\/fundacjapolna.org\/wp-content\/uploads\/2023\/07\/IMG_8909-300x183.jpg 300w, https:\/\/fundacjapolna.org\/wp-content\/uploads\/2023\/07\/IMG_8909-1024x625.jpg 1024w, https:\/\/fundacjapolna.org\/wp-content\/uploads\/2023\/07\/IMG_8909-768x469.jpg 768w, https:\/\/fundacjapolna.org\/wp-content\/uploads\/2023\/07\/IMG_8909.jpg 1280w\" sizes=\"(max-width: 300px) 100vw, 300px\" \/>\n            <\/div>\n        <\/div><div class=\"eael-entry-wrapper\"><header class=\"eael-entry-header\"><h2 class=\"eael-entry-title\"><a class=\"eael-grid-post-link\" href=\"https:\/\/fundacjapolna.org\/index.php\/2023\/07\/13\/weekendowe-warsztaty-etnomuzykologiczne-z-brygida-sordyl\/\" title=\"Weekendowe warsztaty etnomuzykologiczne z Brygid\u0105 Sordyl\">Weekendowe warsztaty etnomuzykologiczne z Brygid\u0105 Sordyl<\/a><\/h2><\/header><div class=\"eael-entry-content\">\n                        <div class=\"eael-grid-post-excerpt\"><p>W miniony weekend odby\u0142y si\u0119 trzydniowe warsztaty grupy \u015bpiewaczej Rozg\u0142os...<\/p><a href=\"https:\/\/fundacjapolna.org\/index.php\/2023\/07\/13\/weekendowe-warsztaty-etnomuzykologiczne-z-brygida-sordyl\/\" class=\"eael-post-elements-readmore-btn\">Read More<\/a><\/div>\n                    <\/div><div class=\"eael-entry-footer\"><div class=\"eael-author-avatar\"><a href=\"https:\/\/fundacjapolna.org\/index.php\/author\/admin9032\/\"><img alt='FundacjaPolna' src='https:\/\/secure.gravatar.com\/avatar\/d8bc0a4596e16fc950250b96a5382cdb4d5a8e8e03b63929205dbeb608071ae3?s=96&#038;d=mm&#038;r=g' srcset='https:\/\/secure.gravatar.com\/avatar\/d8bc0a4596e16fc950250b96a5382cdb4d5a8e8e03b63929205dbeb608071ae3?s=192&#038;d=mm&#038;r=g 2x' class='avatar avatar-96 photo' height='96' width='96' \/><\/a><\/div><div class=\"eael-entry-meta\"><span class=\"eael-posted-by\"><a href=\"https:\/\/fundacjapolna.org\/index.php\/author\/admin9032\/\" title=\"Posts by FundacjaPolna\" rel=\"author\">FundacjaPolna<\/a><\/span><span class=\"eael-posted-on\"><time datetime=\"13 lipca 2023\">13 lipca 2023<\/time><\/span><\/div><\/div><\/div><\/div>\n        <\/div>\n    <\/article><article class=\"eael-grid-post  eael-post-grid-column eael-pg-post-827 category-blog-karpackie-inicjatywy-lokalne-rozglos\" data-id=\"827\">\n        <div class=\"eael-grid-post-holder\">\n            <div class=\"eael-grid-post-holder-inner\"><div class=\"eael-entry-media\"><div class=\"eael-entry-overlay fade-in\"><i class=\"fas fa-long-arrow-alt-right\" aria-hidden=\"true\"><\/i><a href=\"https:\/\/fundacjapolna.org\/index.php\/2023\/07\/04\/elementor-827\/\"><\/a><\/div><div class=\"eael-entry-thumbnail \">\n                <img decoding=\"async\" width=\"300\" height=\"175\" src=\"https:\/\/fundacjapolna.org\/wp-content\/uploads\/2023\/07\/357391860_210710158600756_3648552613040163704_n-300x175.jpeg\" class=\"attachment-medium size-medium wp-image-842\" alt=\"\" srcset=\"https:\/\/fundacjapolna.org\/wp-content\/uploads\/2023\/07\/357391860_210710158600756_3648552613040163704_n-300x175.jpeg 300w, https:\/\/fundacjapolna.org\/wp-content\/uploads\/2023\/07\/357391860_210710158600756_3648552613040163704_n-1024x598.jpeg 1024w, https:\/\/fundacjapolna.org\/wp-content\/uploads\/2023\/07\/357391860_210710158600756_3648552613040163704_n-768x449.jpeg 768w, https:\/\/fundacjapolna.org\/wp-content\/uploads\/2023\/07\/357391860_210710158600756_3648552613040163704_n.jpeg 1284w\" sizes=\"(max-width: 300px) 100vw, 300px\" \/>\n            <\/div>\n        <\/div><div class=\"eael-entry-wrapper\"><header class=\"eael-entry-header\"><h2 class=\"eael-entry-title\"><a class=\"eael-grid-post-link\" href=\"https:\/\/fundacjapolna.org\/index.php\/2023\/07\/04\/elementor-827\/\" title=\"Warsztaty \u015bpiewacze &#8211; Karpackie Inicjatywy Lokalne\">Warsztaty \u015bpiewacze &#8211; Karpackie Inicjatywy Lokalne<\/a><\/h2><\/header><div class=\"eael-entry-content\">\n                        <div class=\"eael-grid-post-excerpt\"><p>Wczoraj zacz\u0119li\u015bmy cykl warsztat\u00f3w \u015bpiewaczych z Ann\u0105 Gurdak. Na tapecie...<\/p><a href=\"https:\/\/fundacjapolna.org\/index.php\/2023\/07\/04\/elementor-827\/\" class=\"eael-post-elements-readmore-btn\">Read More<\/a><\/div>\n                    <\/div><div class=\"eael-entry-footer\"><div class=\"eael-author-avatar\"><a href=\"https:\/\/fundacjapolna.org\/index.php\/author\/admin9032\/\"><img alt='FundacjaPolna' src='https:\/\/secure.gravatar.com\/avatar\/d8bc0a4596e16fc950250b96a5382cdb4d5a8e8e03b63929205dbeb608071ae3?s=96&#038;d=mm&#038;r=g' srcset='https:\/\/secure.gravatar.com\/avatar\/d8bc0a4596e16fc950250b96a5382cdb4d5a8e8e03b63929205dbeb608071ae3?s=192&#038;d=mm&#038;r=g 2x' class='avatar avatar-96 photo' height='96' width='96' \/><\/a><\/div><div class=\"eael-entry-meta\"><span class=\"eael-posted-by\"><a href=\"https:\/\/fundacjapolna.org\/index.php\/author\/admin9032\/\" title=\"Posts by FundacjaPolna\" rel=\"author\">FundacjaPolna<\/a><\/span><span class=\"eael-posted-on\"><time datetime=\"4 lipca 2023\">4 lipca 2023<\/time><\/span><\/div><\/div><\/div><\/div>\n        <\/div>\n    <\/article><\/div>\n            <div class=\"clearfix\"><\/div>\n        <\/div>\t\t\t\t<\/div>\n\t\t\t\t<\/div>\n\t\t\t\t\t<\/div>\n\t\t<\/div>\n\t\t\t\t\t<\/div>\n\t\t<\/section>\n\t\t\t\t<\/div>\n\t\t","protected":false},"excerpt":{"rendered":"<p>\u00a0 Inicjatywa \u201eEcha Karpat. Szlakiem Pie\u015bni Kultury Wo\u0142oskiej\u201d zak\u0142ada 7 spotka\u0144 wok\u00f3\u0142 pie\u015bni tradycyjnie wykonywanych przez mieszka\u0144c\u00f3w Karpat (w sumie 41 godzin), w tym dwudniowe warsztaty z etnomuzykologiem. Zwie\u0144czeniem projektu b\u0119dzie koncert promuj\u0105cy kultur\u0119 tradycyjn\u0105 Karpat w wykonaniu grupy \u015bpiewaczej Rozg\u0142os (10 os\u00f3b). Warsztaty etnomuzykologiczne prowadzone b\u0119d\u0105 ze \u015bpiewaczk\u0105, etnomuzykolo\u017ck\u0105 zajmuj\u0105c\u0105 si\u0119 muzyk\u0105 Karpat i obejmowa\u0107 b\u0119d\u0105 repertuar pie\u015bni pasterskich. [&hellip;]<\/p>\n","protected":false},"author":2,"featured_media":842,"parent":0,"menu_order":0,"comment_status":"closed","ping_status":"closed","template":"","meta":{"footnotes":""},"class_list":["post-880","page","type-page","status-publish","has-post-thumbnail","hentry"],"_links":{"self":[{"href":"https:\/\/fundacjapolna.org\/index.php\/wp-json\/wp\/v2\/pages\/880","targetHints":{"allow":["GET"]}}],"collection":[{"href":"https:\/\/fundacjapolna.org\/index.php\/wp-json\/wp\/v2\/pages"}],"about":[{"href":"https:\/\/fundacjapolna.org\/index.php\/wp-json\/wp\/v2\/types\/page"}],"author":[{"embeddable":true,"href":"https:\/\/fundacjapolna.org\/index.php\/wp-json\/wp\/v2\/users\/2"}],"replies":[{"embeddable":true,"href":"https:\/\/fundacjapolna.org\/index.php\/wp-json\/wp\/v2\/comments?post=880"}],"version-history":[{"count":11,"href":"https:\/\/fundacjapolna.org\/index.php\/wp-json\/wp\/v2\/pages\/880\/revisions"}],"predecessor-version":[{"id":1047,"href":"https:\/\/fundacjapolna.org\/index.php\/wp-json\/wp\/v2\/pages\/880\/revisions\/1047"}],"wp:featuredmedia":[{"embeddable":true,"href":"https:\/\/fundacjapolna.org\/index.php\/wp-json\/wp\/v2\/media\/842"}],"wp:attachment":[{"href":"https:\/\/fundacjapolna.org\/index.php\/wp-json\/wp\/v2\/media?parent=880"}],"curies":[{"name":"wp","href":"https:\/\/api.w.org\/{rel}","templated":true}]}}