{"id":1439,"date":"2024-08-03T15:44:34","date_gmt":"2024-08-03T13:44:34","guid":{"rendered":"https:\/\/fundacjapolna.org\/?page_id=1439"},"modified":"2024-08-03T16:08:25","modified_gmt":"2024-08-03T14:08:25","slug":"program-rozwoju-organizacji-obywatelskich","status":"publish","type":"page","link":"https:\/\/fundacjapolna.org\/index.php\/program-rozwoju-organizacji-obywatelskich\/","title":{"rendered":"Program Rozwoju Organizacji Obywatelskich"},"content":{"rendered":"\t\t<div data-elementor-type=\"wp-page\" data-elementor-id=\"1439\" class=\"elementor elementor-1439\">\n\t\t\t\t\t\t<section class=\"elementor-section elementor-top-section elementor-element elementor-element-22f4915 elementor-section-boxed elementor-section-height-default elementor-section-height-default\" data-id=\"22f4915\" data-element_type=\"section\" data-e-type=\"section\">\n\t\t\t\t\t\t<div class=\"elementor-container elementor-column-gap-default\">\n\t\t\t\t\t<div class=\"elementor-column elementor-col-100 elementor-top-column elementor-element elementor-element-f4ef231\" data-id=\"f4ef231\" data-element_type=\"column\" data-e-type=\"column\">\n\t\t\t<div class=\"elementor-widget-wrap\">\n\t\t\t\t\t\t\t<\/div>\n\t\t<\/div>\n\t\t\t\t\t<\/div>\n\t\t<\/section>\n\t\t\t\t<\/div>\n\t\t","protected":false},"excerpt":{"rendered":"<p>PROO5 3 August 2024 Zaczynamy prace remontowe dzi\u0119ki wsparciu PROO 5 Trwaj\u0105 prace zwi\u0105zane z uszkodzeniami w naszej jurcie powsta\u0142ymi w wyniku dzia\u0142ania si\u0142 naturalnych Nasza jurta zyska w ci\u0105gu kilku dni now\u0105 pod\u0142og\u0119. Podj\u0119li\u015bmy decyzj\u0119 o nie usuwaniu starej warstwy. Zamiast tego wysuszyli\u015bmy zmoczone deski i przyst\u0105pili\u015bmy do ich cyklinowania. Na wyr\u00f3wnan\u0105 powierzchni\u0119 przykleimy now\u0105 warstw\u0119 pod\u0142ogi co dodatkowo [&hellip;]<\/p>\n","protected":false},"author":2,"featured_media":1459,"parent":0,"menu_order":0,"comment_status":"closed","ping_status":"closed","template":"","meta":{"footnotes":""},"class_list":["post-1439","page","type-page","status-publish","has-post-thumbnail","hentry"],"_links":{"self":[{"href":"https:\/\/fundacjapolna.org\/index.php\/wp-json\/wp\/v2\/pages\/1439","targetHints":{"allow":["GET"]}}],"collection":[{"href":"https:\/\/fundacjapolna.org\/index.php\/wp-json\/wp\/v2\/pages"}],"about":[{"href":"https:\/\/fundacjapolna.org\/index.php\/wp-json\/wp\/v2\/types\/page"}],"author":[{"embeddable":true,"href":"https:\/\/fundacjapolna.org\/index.php\/wp-json\/wp\/v2\/users\/2"}],"replies":[{"embeddable":true,"href":"https:\/\/fundacjapolna.org\/index.php\/wp-json\/wp\/v2\/comments?post=1439"}],"version-history":[{"count":4,"href":"https:\/\/fundacjapolna.org\/index.php\/wp-json\/wp\/v2\/pages\/1439\/revisions"}],"predecessor-version":[{"id":1463,"href":"https:\/\/fundacjapolna.org\/index.php\/wp-json\/wp\/v2\/pages\/1439\/revisions\/1463"}],"wp:featuredmedia":[{"embeddable":true,"href":"https:\/\/fundacjapolna.org\/index.php\/wp-json\/wp\/v2\/media\/1459"}],"wp:attachment":[{"href":"https:\/\/fundacjapolna.org\/index.php\/wp-json\/wp\/v2\/media?parent=1439"}],"curies":[{"name":"wp","href":"https:\/\/api.w.org\/{rel}","templated":true}]}}

<p>PROO5 3 August 2024 Zaczynamy prace remontowe dzięki wsparciu PROO 5 Trwają prace związane z uszkodzeniami w naszej jurcie powstałymi w wyniku działania sił naturalnych Nasza jurta zyska w ciągu kilku dni nową podłogę. Podjęliśmy decyzję o nie usuwaniu starej warstwy. Zamiast tego wysuszyliśmy zmoczone deski i przystąpiliśmy do ich cyklinowania. Na wyrównaną powierzchnię przykleimy nową warstwę podłogi co dodatkowo [&hellip;]</p>
