{"id":1183,"date":"2024-05-22T10:16:00","date_gmt":"2024-05-22T08:16:00","guid":{"rendered":"https:\/\/fundacjapolna.org\/?page_id=1183"},"modified":"2024-06-07T10:00:12","modified_gmt":"2024-06-07T08:00:12","slug":"podkarpacki-uniwersytet-muzyki-tradycyjnej","status":"publish","type":"page","link":"https:\/\/fundacjapolna.org\/index.php\/podkarpacki-uniwersytet-muzyki-tradycyjnej\/","title":{"rendered":"Podkarpacki Uniwersytet Muzyki Tradycyjnej"},"content":{"rendered":"\t\t<div data-elementor-type=\"wp-page\" data-elementor-id=\"1183\" class=\"elementor elementor-1183\">\n\t\t\t\t\t\t<section class=\"elementor-section elementor-top-section elementor-element elementor-element-7b93fba elementor-section-boxed elementor-section-height-default elementor-section-height-default\" data-id=\"7b93fba\" data-element_type=\"section\" data-e-type=\"section\">\n\t\t\t\t\t\t<div class=\"elementor-container elementor-column-gap-default\">\n\t\t\t\t\t<div class=\"elementor-column elementor-col-100 elementor-top-column elementor-element elementor-element-92b26e5\" data-id=\"92b26e5\" data-element_type=\"column\" data-e-type=\"column\">\n\t\t\t<div class=\"elementor-widget-wrap elementor-element-populated\">\n\t\t\t\t\t\t<div class=\"elementor-element elementor-element-523c81d elementor-widget elementor-widget-text-editor\" data-id=\"523c81d\" data-element_type=\"widget\" data-e-type=\"widget\" data-widget_type=\"text-editor.default\">\n\t\t\t\t<div class=\"elementor-widget-container\">\n\t\t\t\t\t\t\t\t\t<p>Od po\u0142owy czerwca ruszamy z projektem Podkarpacki Uniwersytet Muzyki Tradycyjnej w Ja\u015ble. W ramach kursu odb\u0119d\u0105 si\u0119 zaj\u0119cia etnograficzne, warsztaty \u015bpiewu tradycyjnego, ta\u0144c\u00f3w tradycyjnych, lekcje emisji g\u0142osu oraz warsztaty gry na instrumentach tradycyjnych.<br class=\"html-br\" \/>Zainteresowanych zapraszamy na spotkanie informacyjne online, kt\u00f3re odb\u0119dzie si\u0119 w formie live\u2019a na Facebooku, 29.05.2024r. o godzinie 19.00.<\/p><p>\u00a0<\/p><p><a href=\"https:\/\/www.facebook.com\/profile.php?id=100089853181739\">Kliknij aby przej\u015b\u0107 na nasz Fanpage<\/a><\/p>\t\t\t\t\t\t\t\t<\/div>\n\t\t\t\t<\/div>\n\t\t\t\t\t<\/div>\n\t\t<\/div>\n\t\t\t\t\t<\/div>\n\t\t<\/section>\n\t\t\t\t<section class=\"elementor-section elementor-top-section elementor-element elementor-element-2141d0a elementor-section-boxed elementor-section-height-default elementor-section-height-default\" data-id=\"2141d0a\" data-element_type=\"section\" data-e-type=\"section\">\n\t\t\t\t\t\t<div class=\"elementor-container elementor-column-gap-default\">\n\t\t\t\t\t<div class=\"elementor-column elementor-col-100 elementor-top-column elementor-element elementor-element-4888353\" data-id=\"4888353\" data-element_type=\"column\" data-e-type=\"column\">\n\t\t\t<div class=\"elementor-widget-wrap elementor-element-populated\">\n\t\t\t\t\t\t<div class=\"elementor-element elementor-element-b3497ea elementor-grid-eael-col-4 elementor-grid-tablet-eael-col-2 elementor-grid-mobile-eael-col-1 elementor-widget elementor-widget-eael-post-grid\" data-id=\"b3497ea\" data-element_type=\"widget\" data-e-type=\"widget\" data-settings=\"{&quot;eael_post_grid_columns&quot;:&quot;eael-col-4&quot;,&quot;eael_post_grid_columns_tablet&quot;:&quot;eael-col-2&quot;,&quot;eael_post_grid_columns_mobile&quot;:&quot;eael-col-1&quot;}\" data-widget_type=\"eael-post-grid.default\">\n\t\t\t\t<div class=\"elementor-widget-container\">\n\t\t\t\t\t<div id=\"eael-post-grid-b3497ea\" class=\"eael-post-grid-container\">\n            <div class=\"eael-post-grid eael-post-appender eael-post-appender-b3497ea eael-post-grid-style-one\" data-layout-mode=\"masonry\"><article class=\"eael-grid-post  eael-post-grid-column eael-pg-post-1484 category-pumt\" data-id=\"1484\">\n        <div class=\"eael-grid-post-holder\">\n            <div class=\"eael-grid-post-holder-inner\"><div class=\"eael-entry-wrapper\"><header class=\"eael-entry-header\"><h2 class=\"eael-entry-title\"><a class=\"eael-grid-post-link\" href=\"https:\/\/fundacjapolna.org\/index.php\/2024\/07\/27\/drugie-zajecia-z-janem-maliszem\/\" title=\"Drugie zajecia z Janem Maliszem\">Drugie zajecia z Janem Maliszem<\/a><\/h2><\/header><div class=\"eael-entry-content\">\n                        <div class=\"eael-grid-post-excerpt\"><p>wiecie muzyki tradycyjnej \u015bpiew, taniec i instrumenty nie istania\u0142y bez...<\/p><a href=\"https:\/\/fundacjapolna.org\/index.php\/2024\/07\/27\/drugie-zajecia-z-janem-maliszem\/\" class=\"eael-post-elements-readmore-btn\">Read More<\/a><\/div>\n                    <\/div><div class=\"eael-entry-footer\"><div class=\"eael-author-avatar\"><a href=\"https:\/\/fundacjapolna.org\/index.php\/author\/admin9032\/\"><img alt='FundacjaPolna' src='https:\/\/secure.gravatar.com\/avatar\/d8bc0a4596e16fc950250b96a5382cdb4d5a8e8e03b63929205dbeb608071ae3?s=96&#038;d=mm&#038;r=g' srcset='https:\/\/secure.gravatar.com\/avatar\/d8bc0a4596e16fc950250b96a5382cdb4d5a8e8e03b63929205dbeb608071ae3?s=192&#038;d=mm&#038;r=g 2x' class='avatar avatar-96 photo' height='96' width='96' \/><\/a><\/div><div class=\"eael-entry-meta\"><span class=\"eael-posted-by\"><a href=\"https:\/\/fundacjapolna.org\/index.php\/author\/admin9032\/\" title=\"Posts by FundacjaPolna\" rel=\"author\">FundacjaPolna<\/a><\/span><span class=\"eael-posted-on\"><time datetime=\"27 lipca 2024\">27 lipca 2024<\/time><\/span><\/div><\/div><\/div><\/div>\n        <\/div>\n    <\/article><article class=\"eael-grid-post  eael-post-grid-column eael-pg-post-1477 category-pumt\" data-id=\"1477\">\n        <div class=\"eael-grid-post-holder\">\n            <div class=\"eael-grid-post-holder-inner\"><div class=\"eael-entry-wrapper\"><header class=\"eael-entry-header\"><h2 class=\"eael-entry-title\"><a class=\"eael-grid-post-link\" href=\"https:\/\/fundacjapolna.org\/index.php\/2024\/07\/21\/cykl-zajec-instrumentalnych-z-janem-maliszem\/\" title=\"Cykl zaj\u0119\u0107 instrumentalnych z Janem Maliszem\">Cykl zaj\u0119\u0107 instrumentalnych z Janem Maliszem<\/a><\/h2><\/header><div class=\"eael-entry-content\">\n                        <div class=\"eael-grid-post-excerpt\"><p>Trwaj\u0105 spotkania wok\u00f3\u0142 instrument\u00f3w tradycyjnie u\u017cywanych na Podkarpaciu. Prowadzi Jan...<\/p><a href=\"https:\/\/fundacjapolna.org\/index.php\/2024\/07\/21\/cykl-zajec-instrumentalnych-z-janem-maliszem\/\" class=\"eael-post-elements-readmore-btn\">Read More<\/a><\/div>\n                    <\/div><div class=\"eael-entry-footer\"><div class=\"eael-author-avatar\"><a href=\"https:\/\/fundacjapolna.org\/index.php\/author\/admin9032\/\"><img alt='FundacjaPolna' src='https:\/\/secure.gravatar.com\/avatar\/d8bc0a4596e16fc950250b96a5382cdb4d5a8e8e03b63929205dbeb608071ae3?s=96&#038;d=mm&#038;r=g' srcset='https:\/\/secure.gravatar.com\/avatar\/d8bc0a4596e16fc950250b96a5382cdb4d5a8e8e03b63929205dbeb608071ae3?s=192&#038;d=mm&#038;r=g 2x' class='avatar avatar-96 photo' height='96' width='96' \/><\/a><\/div><div class=\"eael-entry-meta\"><span class=\"eael-posted-by\"><a href=\"https:\/\/fundacjapolna.org\/index.php\/author\/admin9032\/\" title=\"Posts by FundacjaPolna\" rel=\"author\">FundacjaPolna<\/a><\/span><span class=\"eael-posted-on\"><time datetime=\"21 lipca 2024\">21 lipca 2024<\/time><\/span><\/div><\/div><\/div><\/div>\n        <\/div>\n    <\/article><article class=\"eael-grid-post  eael-post-grid-column eael-pg-post-1464 category-pumt\" data-id=\"1464\">\n        <div class=\"eael-grid-post-holder\">\n            <div class=\"eael-grid-post-holder-inner\"><div class=\"eael-entry-wrapper\"><header class=\"eael-entry-header\"><h2 class=\"eael-entry-title\"><a class=\"eael-grid-post-link\" href=\"https:\/\/fundacjapolna.org\/index.php\/2024\/06\/17\/rozpoczely-sie-zajecia-w-ramach-podkarpackiego-uniwersytetu-ludowego\/\" title=\"Rozpocze\u0142y si\u0119 zaj\u0119cia w ramach Podkarpackiego Uniwersytetu Ludowego\">Rozpocze\u0142y si\u0119 zaj\u0119cia w ramach Podkarpackiego Uniwersytetu Ludowego<\/a><\/h2><\/header><div class=\"eael-entry-content\">\n                        <div class=\"eael-grid-post-excerpt\"><p>Tradycyjnie \u015bpiew, taniec i muzyka instrumentalna nie istnia\u0142y bez siebie...<\/p><a href=\"https:\/\/fundacjapolna.org\/index.php\/2024\/06\/17\/rozpoczely-sie-zajecia-w-ramach-podkarpackiego-uniwersytetu-ludowego\/\" class=\"eael-post-elements-readmore-btn\">Read More<\/a><\/div>\n                    <\/div><div class=\"eael-entry-footer\"><div class=\"eael-author-avatar\"><a href=\"https:\/\/fundacjapolna.org\/index.php\/author\/admin9032\/\"><img alt='FundacjaPolna' src='https:\/\/secure.gravatar.com\/avatar\/d8bc0a4596e16fc950250b96a5382cdb4d5a8e8e03b63929205dbeb608071ae3?s=96&#038;d=mm&#038;r=g' srcset='https:\/\/secure.gravatar.com\/avatar\/d8bc0a4596e16fc950250b96a5382cdb4d5a8e8e03b63929205dbeb608071ae3?s=192&#038;d=mm&#038;r=g 2x' class='avatar avatar-96 photo' height='96' width='96' \/><\/a><\/div><div class=\"eael-entry-meta\"><span class=\"eael-posted-by\"><a href=\"https:\/\/fundacjapolna.org\/index.php\/author\/admin9032\/\" title=\"Posts by FundacjaPolna\" rel=\"author\">FundacjaPolna<\/a><\/span><span class=\"eael-posted-on\"><time datetime=\"17 czerwca 2024\">17 czerwca 2024<\/time><\/span><\/div><\/div><\/div><\/div>\n        <\/div>\n    <\/article><\/div>\n            <div class=\"clearfix\"><\/div>\n        <\/div>\t\t\t\t<\/div>\n\t\t\t\t<\/div>\n\t\t\t\t\t<\/div>\n\t\t<\/div>\n\t\t\t\t\t<\/div>\n\t\t<\/section>\n\t\t\t\t<\/div>\n\t\t","protected":false},"excerpt":{"rendered":"<p>Od po\u0142owy czerwca ruszamy z projektem Podkarpacki Uniwersytet Muzyki Tradycyjnej w Ja\u015ble. W ramach kursu odb\u0119d\u0105 si\u0119 zaj\u0119cia etnograficzne, warsztaty \u015bpiewu tradycyjnego, ta\u0144c\u00f3w tradycyjnych, lekcje emisji g\u0142osu oraz warsztaty gry na instrumentach tradycyjnych.Zainteresowanych zapraszamy na spotkanie informacyjne online, kt\u00f3re odb\u0119dzie si\u0119 w formie live\u2019a na Facebooku, 29.05.2024r. o godzinie 19.00. \u00a0 Kliknij aby przej\u015b\u0107 na nasz Fanpage No posts found!<\/p>\n","protected":false},"author":2,"featured_media":1412,"parent":0,"menu_order":0,"comment_status":"closed","ping_status":"closed","template":"","meta":{"footnotes":""},"class_list":["post-1183","page","type-page","status-publish","has-post-thumbnail","hentry"],"_links":{"self":[{"href":"https:\/\/fundacjapolna.org\/index.php\/wp-json\/wp\/v2\/pages\/1183","targetHints":{"allow":["GET"]}}],"collection":[{"href":"https:\/\/fundacjapolna.org\/index.php\/wp-json\/wp\/v2\/pages"}],"about":[{"href":"https:\/\/fundacjapolna.org\/index.php\/wp-json\/wp\/v2\/types\/page"}],"author":[{"embeddable":true,"href":"https:\/\/fundacjapolna.org\/index.php\/wp-json\/wp\/v2\/users\/2"}],"replies":[{"embeddable":true,"href":"https:\/\/fundacjapolna.org\/index.php\/wp-json\/wp\/v2\/comments?post=1183"}],"version-history":[{"count":4,"href":"https:\/\/fundacjapolna.org\/index.php\/wp-json\/wp\/v2\/pages\/1183\/revisions"}],"predecessor-version":[{"id":1189,"href":"https:\/\/fundacjapolna.org\/index.php\/wp-json\/wp\/v2\/pages\/1183\/revisions\/1189"}],"wp:featuredmedia":[{"embeddable":true,"href":"https:\/\/fundacjapolna.org\/index.php\/wp-json\/wp\/v2\/media\/1412"}],"wp:attachment":[{"href":"https:\/\/fundacjapolna.org\/index.php\/wp-json\/wp\/v2\/media?parent=1183"}],"curies":[{"name":"wp","href":"https:\/\/api.w.org\/{rel}","templated":true}]}}